ose -2376 = -9*s - 14958. What is the tens digit of 5*(5/25)/((-2)/s)?
9
Suppose 4*y = -4*a + 109096, 0 = 7*a + 4*y - 197891 + 6979. What is the thousands digit of a?
7
Let g = 3847 - -1342. What is the units digit of g?
9
Suppose -4503 = -6*u - 1155. Let w = u + 62. What is the tens digit of w?
2
Let c = 10293 + 784. What is the hundreds digit of c?
0
Suppose 2*m - 22*m = -240. What is the tens digit of (-13)/((-78)/m) + 432?
3
Let l = 16498 - 8381. What is the hundreds digit of l?
1
Let f(c) = c**2 - 13*c - 18. Let p be f(16). What is the units digit of (-36)/p + (-3902)/(-10)?
9
Suppose -5*q = 2*n - 899, -935 = -2*n + 3*q - 28. What is the tens digit of n?
5
Let t be (-408)/357 + 16619/7. Suppose -17*f + 24*f - t = 0. What is the tens digit of f?
3
Suppose -30 = -4*m - m, m = -3*c + 45795. What is the ten thousands digit of c?
1
What is the units digit of (-1505)/(-25) + (-18)/15?
9
Let k = -320 - -319. What is the units digit of k/(-5*(-7)/(-18060))?
6
Let h = 5581 + 8456. What is the ten thousands digit of h?
1
Let k = 30 + 126. Suppose -4*y - 860 = 4*u - 9*u, u - k = 4*y. What is the units digit of u?
6
Let j = 5505 - 4400. What is the tens digit of j?
0
What is the units digit of 15 + 3 + -11 - -1390?
7
Let r(s) = 3*s + 48. Let h be r(-17). Let a be -4 - (-2 + -3) - h. Suppose -2*z + z - 365 = -2*y, -a*y + 750 = 2*z. What is the tens digit of y?
8
What is the tens digit of (19 + 4688/48)/(1/75)?
5
Let i(f) be the third derivative of -f**5/60 + 17*f**4/24 + 10*f**3/3 + 180*f**2. Let b be ((-68)/(1*-2))/2. What is the units digit of i(b)?
0
Suppose -184501 = -14*i + 211861 - 103944. What is the units digit of i?
7
Let h(v) = -30*v + 86. Let z(p) = 2*p + 1. Let w(o) = h(o) + 3*z(o). What is the hundreds digit of w(-8)?
2
Let x = -66 - -122. Let t = -54 + x. Suppose 2*q - 23 = -t*r + 81, 0 = -q + 5. What is the tens digit of r?
4
Suppose 480*x = 478*x + 14240. Suppose t + 5683 = 5*r - r, 0 = 5*r + 2*t - x. What is the units digit of r?
2
Let x be ((-6)/(-5))/((-12)/(-150) + 0). Suppose -3*p = t - 3, t - 3*p + x = -0*t. What is the units digit of (-731)/(-6) - t/36*1?
2
Suppose -2*b - d + 506 = 0, 3*b - d - 759 = -3*d. Suppose s = 275 + b. What is the units digit of s?
8
Suppose 2*k - 3*a = -k + 42, -3*k + 4*a + 43 = 0. Suppose 4*x + k = 17. Let z = 16 + x. What is the units digit of z?
7
Let f = 125 - 129. What is the hundreds digit of (((-31)/f)/(-1))/((-14)/1064)?
5
Let x be 215/10*29*10. What is the tens digit of (1*-2)/((-58)/x)?
1
Suppose 0 = 4*r - 144 - 124. Let c = -65 + r. Suppose 4*g - 184 = c*g. What is the tens digit of g?
9
Suppose 2*z - z + 5*x - 19 = 0, x - 15 = -3*z. Suppose 723 = z*a - 825. Let p = a + -256. What is the tens digit of p?
3
Let x be 176/(-14)*294/(-84). Let a = x + 847. What is the tens digit of a?
9
Let u(a) = a**3 + 11*a**2 - 13*a - 2. Let k be u(-12). Suppose 4*x + 5*w = 1042, -11*x = -k*x - 3*w - 269. What is the hundreds digit of x?
2
Let a(q) be the second derivative of -17*q**3/6 + 39*q**2 - 88*q. What is the units digit of a(-11)?
5
Suppose 2*l + 11 = 3*d, -6*l = d - 2*l - 13. Suppose -4*o + 836 = 2*n, 5*o - 2090 = -d*n + 6*o. What is the tens digit of n?
1
Let s(t) = -t**3 - t**2 - t + 6. Let c be s(0). Let y(n) = 32*n + 68. Let q be y(-3). What is the tens digit of q/3*c/(-4)?
1
Suppose -5*d - g + 20104 = 0, -2*d + 50*g + 8052 = 53*g. What is the tens digit of d?
2
Suppose -15 = 2*c - 7*c. Suppose -c*j + 7*j = 0. Let p(x) = -2*x + 155. What is the tens digit of p(j)?
5
Suppose 34*c - 205725 - 69505 = 0. Suppose -76*d = -5*r - 73*d + c, d - 3227 = -2*r. What is the thousands digit of r?
1
Let x(u) = 12*u**2 + 8*u - 4. Let p be x(4). Suppose -586 = -m - p. Suppose 4*d - m = 2*t, 3*t + 31 = d - 68. What is the tens digit of d?
9
What is the thousands digit of -3645*(21 + -22)*(-4)/(-5)?
2
Suppose y + 21 = 24. Suppose 0 = -y*q - 4*a + 95, 0*a = -5*a + 25. What is the tens digit of q?
2
Suppose -5*f - 7 + 27 = 0. Suppose -2*m + 3*t = 6, 0*t - f = 2*m - 2*t. Suppose m = q + 4*q - 1090. What is the tens digit of q?
1
Let q be ((-312)/(-60) + -2)*1*5. Let t(h) = 2*h**2 - 63. What is the hundreds digit of t(q)?
4
Suppose -2*s = g + 65, g = 5*s + 174 - 8. What is the units digit of (1/(-3))/((s/(-7155))/(-11))?
5
Let m(c) = -46381*c**3 + 3*c**2 + 34*c + 32. What is the ten thousands digit of m(-1)?
4
Let m be 0 + 0 - (-6 - -5)*1. What is the units digit of (m/(-3))/(1/(-1452))?
4
Let k = 32667 + 33261. What is the tens digit of k?
2
Let d = -32 + 32. Suppose 0 = v - 1, r + 2*v - 13 - 100 = d. Suppose -11*z + r = -8*z. What is the units digit of z?
7
Let u(r) = -234*r + 1043. What is the hundreds digit of u(-23)?
4
Let n(s) = 14*s - 8. Let v be n(-9). Let o = -337 - -272. Let k = o - v. What is the tens digit of k?
6
Let h(x) = -2*x**3 - 35*x**2 - 38*x - 155. What is the units digit of h(-26)?
5
Let o = 3668 - 1153. What is the units digit of o?
5
Suppose 4*x = -0*l - 5*l + 211403, -84606 = -2*l + 4*x. What is the tens digit of l?
8
Let x(c) be the second derivative of -321*c**5/20 + c**4/12 + c**3 + 5*c**2/2 + 3*c - 2. What is the tens digit of x(-1)?
2
Let m = 242 + 58. Suppose 5*f - 653 = 2*n + m, 4*f - 760 = n. Let w = -112 + f. What is the units digit of w?
7
Let h(l) = -21*l + 115. Let i be h(6). What is the units digit of (7 + (i + -5)/4)*201?
3
Let x(o) = -3*o**3 - 9*o**2 - 115*o - 186. What is the ten thousands digit of x(-16)?
1
Let o(j) = 2*j**2 + 56*j + 2965. What is the thousands digit of o(-30)?
3
Let a = -11 - 57. Let c = a + 71. Suppose 262 = m + m - 3*y, -c*y - 655 = -5*m. What is the units digit of m?
1
Let k(i) = i**3 + 112*i**2 + 140*i - 691. What is the tens digit of k(-110)?
0
Let q(v) = 23*v**3 - 2*v**2 - 8*v - 7. Let m(w) = w**3 + w**2. Let d(t) = 5*m(t) + q(t). What is the units digit of d(3)?
2
Let i(z) = -2*z**3 - 6*z + 22. Let r be i(4). Let b = r + 150. What is the tens digit of b?
2
Suppose -113*x = -112*x - 4. Suppose 0 = x*z - 2*z - 28. Suppose -801 = -z*s + 5*s. What is the units digit of s?
9
Suppose -5*v - 2*n + 315 = 0, -9*v + 11*v + 3*n = 137. What is the units digit of 4*(v + 1) - (12 + -10)?
6
Let b(c) = -c**3 + 2*c**2 + 5*c + 15. Let n be b(4). Suppose 0 = -3*r + n*u + 249, 3*u = -5*r - u + 442. What is the units digit of r?
6
Let y(q) = -135*q + 20. Let z be y(-4). Suppose 2*h - 208 = z. What is the units digit of h?
4
Let u be -2 - -4 - 3 - -1. Suppose 13*a - 11740 + 573 = u. What is the tens digit of a?
5
Suppose -73749 = -62*u + 70185 + 127998. What is the units digit of u?
6
Let h(c) = -3*c + 45. Let u(d) = -871*d**2 + 4 + 870*d**2 - 4*d - 3. Let f be u(-6). What is the tens digit of h(f)?
7
Suppose 0 = -5*x - 20, 3*k + 2*x - 45 = -x. Suppose k = -2*y - 5*f - 6, 5*y + 70 = -5*f. What is the tens digit of (0/(-1) - y)*(3 + -2)?
1
Let n(b) be the third derivative of 47*b**5/60 + b**4/24 - b**3 + 92*b**2. What is the hundreds digit of n(-4)?
7
Let t = 33 - 19. Let n = 5867 + -5829. Suppose 13*l = t*l - n. What is the tens digit of l?
3
Let q be (-1 + 145/10)*2. Suppose -q*x = -22*x - 675. What is the hundreds digit of x?
1
What is the hundreds digit of 14610 + (-7 - (4 - -3))?
5
Let s(z) = -18*z**2 - 15*z - 12. Let a(t) = 18*t**2 + 13*t + 11. Let y(m) = 6*a(m) + 5*s(m). What is the hundreds digit of y(3)?
1
Suppose 4*r + 202666 = -9*a + 4*a, -151994 = 3*r + a. What is the thousands digit of (1 - 5/2) + r/(-48)?
1
Let u(p) = -p**3 + 8*p**2 - 4*p + 16. Suppose -3*g + 39 = 15. Let j be u(g). What is the tens digit of 2/j + (-2530)/(-16)?
5
Let o be (-4)/(-2) + 6/24*4. Suppose -4*t + 1320 = 2*b, 5*t - b = -o*b + 1652. What is the units digit of t?
2
Suppose 11*i + 9 = 2*a + 6*i, 70 = 5*a - 3*i. Suppose -3*t + a*t = 18592. What is the tens digit of t?
2
Let w = 27 - -1695. What is the units digit of (4 + -3)/(3/w)?
4
Suppose 0 = 8*x - x. Suppose x = 6*d - 10*d + 560. What is the units digit of 212/7 + (-40)/d?
0
Let v(i) be the third derivative of -i**6/120 + i**4/8 - 10*i**3/3 + 8*i**2. Let z be v(5). Let a = -25 - z. What is the tens digit of a?
0
Let x = 4517 + 1291. What is the hundreds digit of x?
8
Let y = 219 - 119. Let u = 293 - y. What is the hundreds digit of u?
1
Let b(l) be the third derivative of 0 - 6*l**2 - 7/12*l**4 + 2/3*l**3 + 0*l. What is the tens dig